{"id":3,"date":"2022-07-26T15:49:19","date_gmt":"2022-07-26T15:49:19","guid":{"rendered":"http:\/\/kachel.one\/?page_id=3"},"modified":"2022-08-02T20:14:49","modified_gmt":"2022-08-02T18:14:49","slug":"datenschutz","status":"publish","type":"page","link":"https:\/\/kieferorthopaedie-mosel.de\/home\/datenschutz\/","title":{"rendered":"Datenschutzerkl\u00e4rung"},"content":{"rendered":"\t\t<div data-elementor-type=\"wp-page\" data-elementor-id=\"3\" class=\"elementor elementor-3\">\n\t\t\t\t\t\t<section class=\"elementor-section elementor-top-section elementor-element elementor-element-4234570 elementor-section-boxed elementor-section-height-default elementor-section-height-default\" data-id=\"4234570\" data-element_type=\"section\">\n\t\t\t\t\t\t<div class=\"elementor-container elementor-column-gap-default\">\n\t\t\t\t\t<div class=\"elementor-column elementor-col-100 elementor-top-column elementor-element elementor-element-3143933\" data-id=\"3143933\" data-element_type=\"column\">\n\t\t\t<div class=\"elementor-widget-wrap elementor-element-populated\">\n\t\t\t\t\t\t<div class=\"elementor-element elementor-element-42e2a11 elementor-widget elementor-widget-heading\" data-id=\"42e2a11\" data-element_type=\"widget\" data-widget_type=\"heading.default\">\n\t\t\t\t<div class=\"elementor-widget-container\">\n\t\t\t\t\t<h2 class=\"elementor-heading-title elementor-size-default\">Datenschutzerkl\u00e4rung<\/h2>\t\t\t\t<\/div>\n\t\t\t\t<\/div>\n\t\t\t\t\t<\/div>\n\t\t<\/div>\n\t\t\t\t\t<\/div>\n\t\t<\/section>\n\t\t\t\t<section class=\"elementor-section elementor-top-section elementor-element elementor-element-13c758ef elementor-section-boxed elementor-section-height-default elementor-section-height-default\" data-id=\"13c758ef\" data-element_type=\"section\">\n\t\t\t\t\t\t<div class=\"elementor-container elementor-column-gap-default\">\n\t\t\t\t\t<div class=\"elementor-column elementor-col-100 elementor-top-column elementor-element elementor-element-60414e1c\" data-id=\"60414e1c\" data-element_type=\"column\">\n\t\t\t<div class=\"elementor-widget-wrap elementor-element-populated\">\n\t\t\t\t\t\t<div class=\"elementor-element elementor-element-1ce5f133 elementor-widget elementor-widget-text-editor\" data-id=\"1ce5f133\" data-element_type=\"widget\" data-widget_type=\"text-editor.default\">\n\t\t\t\t<div class=\"elementor-widget-container\">\n\t\t\t\t\t\t\t\t\t<p>Die folgende Datenschutzerkl\u00e4rung gilt als Nutzungsgrundlage f\u00fcr alle auf dieser Internetseite genutzten Informationen und Dienste. Als Anbieter zu dieser Erkl\u00e4rung gilt die im Impressum des Seite als verantwortlich genannte Person.<\/p>\n<p>Die Verbandsgemeinde Traben-Trarbach nimmt den Schutz Ihrer pers\u00f6nlichen Daten sehr ernst. Die nachfolgende Erkl\u00e4rung gibt Ihnen einen \u00dcberblick dar\u00fcber, wie wir den Schutz Ihrer pers\u00f6nlichen Daten gew\u00e4hrleisten.<\/p>\n<p><strong>Grundlegendes und Widerspruchsrecht<\/strong><br \/>Gem\u00e4\u00df Telemediengesetz ist der Auftragnehmer verpflichtet, Sie als Kunden \u00fcber Art, Umfang und Zweck der Erhebung, Verarbeitung und Nutzung der f\u00fcr die Ausf\u00fchrung von Bestellungen erforderlichen personenbezogenen Daten sowie \u00fcber sein Widerspruchsrecht zur Verwendung seines anonymisierten Nutzungsprofils ausf\u00fchrlich zu informieren. Ihre bei uns gespeicherten Daten werden vertraulich behandelt und lediglich im zur Ausf\u00fchrung Ihrer Bestellung erforderlichen Umfang unseren Partnerunternehmen zur Verf\u00fcgung gestellt. Ihre Daten werden nicht an andere als zum Firmenverbund geh\u00f6rende Unternehmen zum Zwecke der Werbung oder Marktforschung weitergeleitet.<br \/>Der Kunde stimmt der Erhebung, Verarbeitung und Nutzung seiner personenbezogenen Daten ausdr\u00fccklich zu. Die Einwilligung in die Speicherung und zweckgerichtete Verarbeitung seiner Daten kann er jederzeit schriftlich oder durch \u00dcbersendung einer E-Mail an uns widerrufen. Dies bedeutet dann eine komplette L\u00f6schung seines Profils aus unserer Datenbank, oder eine Sperrung der Daten f\u00fcr andere Zwecke, sofern die Speicherung aufgrund gesetzlicher Vorschriften, z.B. der Verpflichtung zur Rechnungsarchivierung nach dem Handelsgesetzbuch, weiterhin notwendig ist.<\/p>\n<p><strong>Langfristige Speicherung der Adress-Daten<\/strong><br \/>Im Zuge Ihrer Registrierung stimmen Sie der langfristigen Speicherung Ihrer Daten zu. Die L\u00f6schung ihrer Registrierungsdaten ist jederzeit formlos m\u00f6glich. Die Buchhaltungsdaten werden jedoch weiterhin im Rahmen der gesetzlichen Regelungen gespeichert.<\/p>\n<p><strong>Gegenstand dieser Datenschutzerkl\u00e4rung<\/strong><br \/>In dieser Erkl\u00e4rung erfahren Sie, wie wir personenbezogene Daten behandeln, die uns bekannt werden, wenn Sie unsere Internetseite und die zugeh\u00f6rigen Services benutzen. Diese Erkl\u00e4rung erfasst auch die Verwendung personenbezogener Daten durch uns, die wir von unseren Gesch\u00e4ftspartnern erhalten. Die Verwendung von Daten durch von uns unabh\u00e4ngigen Unternehmen oder Personen, die weder Angestellte noch Beauftragte von uns sind, wird von dieser Erkl\u00e4rung nicht erfasst.<\/p>\n<p><strong>Erhebung und Nutzung von Daten<\/strong><br \/>Wir erheben personenbezogene Daten, wenn Sie ein Nutzer-Konto einrichten, wenn Sie bestimmte Angebote oder Services nutzen, wenn Sie unsere Seiten besuchen oder wenn Sie an Werbeveranstaltungen oder Gl\u00fccksspielen teilnehmen. In manchen F\u00e4llen erhalten wir personenbezogene Daten auch von unseren Gesch\u00e4ftspartnern.<\/p>\n<p>Um unser Angebot nutzen zu k\u00f6nnen, ist es gegebenenfalls notwendig, dass Sie uns Ihren Vor- und Zunamen, Ihre Anschrift bzw. die Anschrift Ihres Firmensitzes, Ihre E-Mail-Adresse und Ihre Telefonnummer angeben. Sind Sie Firmenkunde, teilen Sie uns bitte zus\u00e4tzlich den Firmennamen mit. Nach Eingabe dieser Daten ist uns Ihre Identit\u00e4t bekannt.<\/p>\n<p>Wir erheben erhebt und speichert au\u00dferdem automatisch in unseren Server Logs Informationen, die Ihr Browser uns \u00fcbermittelt. Dabei handelt es sich insbesondere um Ihre IP-Adresse, Informationen, die wir mit Ihrem Einverst\u00e4ndnis auf Cookies abgelegt hat und die von Ihnen aufgerufene Seite.<\/p>\n<p>\u00a0<\/p>\n<p>Wir benutzen die erhobenen Daten f\u00fcr drei grundlegende Zwecke: Um unsere Inhalte einschlie\u00dflich der Werbeangebote &#8211; mit Ihrem Einverst\u00e4ndnis &#8211; auf Ihre pers\u00f6nlichen Interessen auszurichten, um Bestellungen f\u00fcr Angebote oder Dienste abzuwickeln und um Sie &#8211; mit Ihrem Einverst\u00e4ndnis &#8211; \u00fcber spezielle Angebote oder neue Produkte zu unterrichten.<\/p>\n<p><strong>Besondere Hinweise zu<\/strong><br \/>Kontaktfelder auf den Seiten \u201eKontakt\u201c o. \u00e4.: Bitte beachten Sie, dass wir Ihre \u00fcber dieses Formular \u00fcbermittelten personenbezogenen Daten lediglich zum Zwecke der Bearbeitung Ihrer konkreten Anfrage verwenden. Entsprechend dem Inhalt Ihrer Anfrage k\u00f6nnen diese Daten also auch gespeichert und verarbeitet werden. Sie k\u00f6nnen Ihre Einwilligung in die Verarbeitung dieser personenbezogenen Daten jederzeit mit Wirkung f\u00fcr die Zukunft widerrufen.<\/p>\n<p><strong>Daten\u00fcbermittlung an Dritte<\/strong><br \/>Wir werden keinesfalls Ihre personenbezogenen Daten an Dritte verkaufen oder vermieten. Wir \u00fcbermitteln Ihre personenbezogenen Daten ausschlie\u00dflich dann an Dritte, wenn:<\/p>\n<ul>\n<li>Sie der \u00dcbermittlung zugestimmt haben<\/li>\n<li>die \u00dcbermittlung zur Durchf\u00fchrung der Angebote oder Services, die Sie in Anspruch nehmen wollen, notwendig ist, insbesondere an Druckereien und Transportunternehmen, mit denen wir zusammen arbeiten.<\/li>\n<li>eine vollstreckbare beh\u00f6rdliche oder gerichtliche Anordnung vorliegt oder soweit dieses n\u00f6tig ist, um eine missbr\u00e4uchliche Verwendung unserer Angebote oder Services, insbesondere eine Nutzung, die gegen die Allgemeinen Gesch\u00e4fts- bzw. Nutzungsbedingungen, die rechtlich unzul\u00e4ssig sind, zu unterbinden.<\/li>\n<\/ul>\n<p><strong>Cookies<\/strong><br \/>Cookies sind Dateien, die wir auf Ihrer Festplatte, nicht auf unserem Server ablegen. Die in Cookies enthaltenen Informationen dienen der Erleichterung der Navigation und vermeiden, dass Sie bei jeder Nutzung Ihre gesamten Registrierungsdaten neu eingeben m\u00fcssen. Au\u00dferdem k\u00f6nnen Cookies dazu verwendet werden, um unsere Inhalte der Werbeangebote &#8211; mit Ihrem Einverst\u00e4ndnis &#8211; auf Ihre pers\u00f6nlichen Interessen auszurichten, um Bestellungen und Angebote oder Dienste abzuwickeln und um Sie &#8211; mit Ihrem Einverst\u00e4ndnis &#8211; \u00fcber spezielle Angebote oder neue Produkte zu unterrichten. Sie k\u00f6nnen das Speichern von Cookies auf Ihrer Festplatte verhindern, indem Sie in Ihren Browser-Einstellungen &#8220;keine Cookies akzeptieren&#8221; w\u00e4hlen. Wie das im Einzelnen funktioniert, entnehmen Sie bitte der Anleitung Ihres Browser-Herstellers. Wenn Sie keine Cookies akzeptieren, kann dieses aber zu Funktionseinschr\u00e4nkungen unserer Angebote f\u00fchren.<\/p>\n<p>Wir legen mit Ihrem Einverst\u00e4ndnis die Daten, die wir von Ihnen erheben, in Cookies auf Ihrer Festplatte ab und rufen diese Informationen bei sp\u00e4teren Nutzungen wieder ab.<\/p>\n<p>Unsere Werbepartner haben nicht das Recht, Informationen aus von uns abgelegten Cookies abzurufen. Unsere Werbepartner k\u00f6nnen aber eigene Cookies auf Ihrer Festplatte ablegen. F\u00fcr solche Cookies sind wir rechtlich nicht verantwortlich. Zu der Benutzung solcher Cookies und der darauf gespeicherten Informationen durch unsere Werbepartner vergleichen Sie bitte deren Datenschutzerkl\u00e4rungen; diese Datenschutzerkl\u00e4rung gilt f\u00fcr solche Nutzungen nicht.<\/p>\n<p><strong>\u00c4nderungen dieser Datenschutzerkl\u00e4rung<\/strong><br \/>Wir behalten uns vor, diese Datenschutzerkl\u00e4rung k\u00fcnftig zu \u00e4ndern. Von etwaigen Ver\u00e4nderungen der Nutzung Ihrer pers\u00f6nlichen Daten werden wir Sie durch einen deutlichen Hinweis auf unseren Seiten unterrichten. Falls Sie weitere Fragen zum Schutz Ihrer Daten haben, wenden Sie sich bitte \u00fcber die Kontaktm\u00f6glichkeiten auf dieser Seite an uns.<\/p>\t\t\t\t\t\t\t\t<\/div>\n\t\t\t\t<\/div>\n\t\t\t\t\t<\/div>\n\t\t<\/div>\n\t\t\t\t\t<\/div>\n\t\t<\/section>\n\t\t\t\t<\/div>\n\t\t","protected":false},"excerpt":{"rendered":"<p>Datenschutzerkl\u00e4rung Die folgende Datenschutzerkl\u00e4rung gilt als Nutzungsgrundlage f\u00fcr alle auf dieser Internetseite genutzten Informationen und Dienste. Als Anbieter zu dieser Erkl\u00e4rung gilt die im Impressum des Seite als verantwortlich genannte Person. Die Verbandsgemeinde Traben-Trarbach nimmt den Schutz Ihrer pers\u00f6nlichen Daten sehr ernst. Die nachfolgende Erkl\u00e4rung gibt Ihnen einen \u00dcberblick dar\u00fcber, wie wir den Schutz Ihrer [&hellip;]<\/p>\n","protected":false},"author":1,"featured_media":0,"parent":0,"menu_order":0,"comment_status":"closed","ping_status":"open","template":"","meta":{"footnotes":""},"class_list":["post-3","page","type-page","status-publish","hentry"],"_links":{"self":[{"href":"https:\/\/kieferorthopaedie-mosel.de\/home\/wp-json\/wp\/v2\/pages\/3","targetHints":{"allow":["GET"]}}],"collection":[{"href":"https:\/\/kieferorthopaedie-mosel.de\/home\/wp-json\/wp\/v2\/pages"}],"about":[{"href":"https:\/\/kieferorthopaedie-mosel.de\/home\/wp-json\/wp\/v2\/types\/page"}],"author":[{"embeddable":true,"href":"https:\/\/kieferorthopaedie-mosel.de\/home\/wp-json\/wp\/v2\/users\/1"}],"replies":[{"embeddable":true,"href":"https:\/\/kieferorthopaedie-mosel.de\/home\/wp-json\/wp\/v2\/comments?post=3"}],"version-history":[{"count":4,"href":"https:\/\/kieferorthopaedie-mosel.de\/home\/wp-json\/wp\/v2\/pages\/3\/revisions"}],"predecessor-version":[{"id":1347,"href":"https:\/\/kieferorthopaedie-mosel.de\/home\/wp-json\/wp\/v2\/pages\/3\/revisions\/1347"}],"wp:attachment":[{"href":"https:\/\/kieferorthopaedie-mosel.de\/home\/wp-json\/wp\/v2\/media?parent=3"}],"curies":[{"name":"wp","href":"https:\/\/api.w.org\/{rel}","templated":true}]}}